?
11
Let j = -204 - -585. List the prime factors of j.
3, 127
Suppose 2*k + 1833 = f, k + 2*k = 3*f - 5514. List the prime factors of f.
19, 97
Suppose -t + 1 = 3. Let f(g) = -2*g**3 + 4*g**2 + 4*g - 3. Let z(u) = -u**3 + 3*u**2 + 3*u - 2. Let n(d) = 2*f(d) - 3*z(d). What are the prime factors of n(t)?
2, 3
Suppose -o = q - 16, -3*q = 5*o - 9 - 35. What are the prime factors of q?
2, 3
Suppose y + 4*m - 2133 = 0, -2665 = -5*y - 5*m + 8000. List the prime factors of y.
3, 79
Suppose -10*k - 4595 = -15*k. List the prime factors of k.
919
Suppose -4*x - 210 = -2*x - 2*q, -2*q = 0. Let s = -48 - x. List the prime factors of s.
3, 19
Let r = -24 + 27. Suppose 0 = -3*y + x + 61 + 201, 4*x = r*y - 247. List the prime factors of y.
89
Let k be (-14)/8*-4 - 2. Suppose 3*d + 16 = -c - 4*c, -2*d = k*c + 19. What are the prime factors of d?
3
Let n be -1*((-3)/(-1) + -68). List the prime factors of n/2 - (-1)/(-2).
2
Suppose c - 5*v = 19, -5*c + v - 2 + 1 = 0. What are the prime factors of (-2)/(82/86 + c)?
43
Let m(v) = 4*v**2 + v. Let l be m(-1). Suppose l*k - 3*o = -39, 0*k + 17 = -k + 3*o. Let i = -9 - k. What are the prime factors of i?
2
Let k be 6*((-2)/(-2))/2. Let g = -189 + 189. Suppose -4*r - 10 = -2*m - 6*r, g = k*r. What are the prime factors of m?
5
Let p(w) be the third derivative of -w**5/60 - 17*w**4/24 + 10*w**3/3 + 37*w**2. List the prime factors of p(-10).
2, 3, 5
Let y be (-2)/3*-3*510/(-68). List the prime factors of (-1407)/y + (-8)/10.
3, 31
Let c(m) be the second derivative of m**5/10 + m**4/6 + 2*m**3/3 - m**2 + 27*m. What are the prime factors of c(4)?
2, 3, 29
List the prime factors of 126/(-105) - 11832/(-10).
2, 3, 197
Suppose 3*d + 24 = 9*d. Suppose 0 = -3*k - d*w - 0*w + 37, 2*k - 2*w - 34 = 0. What are the prime factors of k?
3, 5
Let c(h) = h**3 - h**2 - h - 4. Let n be c(0). Let f = n - 0. List the prime factors of f/(-14) + (-332)/(-14).
2, 3
Let y be 488/7 + (-14)/(-49). Let f = y + -15. What are the prime factors of f?
5, 11
Let s(d) = 90*d + 281. List the prime factors of s(23).
2351
Let o = -932 - -1406. What are the prime factors of o?
2, 3, 79
List the prime factors of (-14)/(-28)*(-2438)/(-1).
23, 53
What are the prime factors of 4/38 - 25/((-8550)/812214)?
5, 19
Suppose -5*k = -2 + 12, 4*m = -k + 6. Suppose 4*p = -z - 0 - 2, 4*z = -m*p + 6. Suppose 4*s = t - 24, -z*t = -s - 3*s - 56. List the prime factors of t.
2
Let z(x) = 4*x**2 - 2*x - 4. Let u be z(6). Suppose -5*q + u = -67. List the prime factors of q.
3, 13
Let u be ((-5)/(-1))/(19 + -18). Suppose -14*q + u*q + 2214 = 0. List the prime factors of q.
2, 3, 41
Suppose -5*b + 7*u - 12*u = -2205, -3*b = 4*u - 1322. List the prime factors of b.
2, 13, 17
Suppose 0 = 5*w - 4*m - 710, -3*w + w - 5*m = -284. What are the prime factors of w?
2, 71
Let k = 1364 + -309. List the prime factors of k.
5, 211
List the prime factors of (-819)/42*138/(-9).
13, 23
Let v = 8450 + -5988. What are the prime factors of v?
2, 1231
What are the prime factors of (2 + 1929 - 0) + (-55)/11?
2, 3, 107
Let s(p) = -364*p**3 - 4*p**2 + 13*p - 2. Let j(i) = 121*i**3 + i**2 - 4*i + 1. Let z(f) = 7*j(f) + 2*s(f). List the prime factors of z(1).
7, 17
Let z = 2682 - 1872. List the prime factors of z.
2, 3, 5
Let s(f) = 28*f**2 + 121*f + 30. List the prime factors of s(8).
2, 3, 5, 31
Suppose 17*x = 19*x - 92. Suppose 0 = q - x - 16. List the prime factors of q.
2, 31
Let b(j) = 11*j**2 - 3*j + 2. Let q be b(2). Suppose -268 = -4*i - 260. Suppose -5*f = -i*o + 34 - 199, f + o - q = 0. What are the prime factors of f?
5, 7
Let f = 334 + -72. Let s = f + 10. What are the prime factors of s/56 + (-2)/(-14)?
5
Suppose l - 3*y = y - 6, 5*l - 3*y - 4 = 0. Suppose 3*k + 6 = -s, 2*s - 3*s - 3 = l*k. Suppose s*g = g + 34. List the prime factors of g.
17
Suppose -3*n + 4 = -14. Suppose 3*j - 99 = -3*s, 3*s - 17 = -j + n. Suppose l - j = -l. List the prime factors of l.
19
Let a = 47 + -47. Suppose y + d - 12 = 31, -y + d + 51 = a. List the prime factors of y.
47
Suppose -5*u - 6037 = -3*d, 0 = -170*d + 174*d + u - 8011. List the prime factors of d.
2, 3, 167
Let t(z) = 3*z + 334. List the prime factors of t(-9).
307
Let k(i) = -3*i**2 + i + 3254. Let b be k(0). Suppose -11*f = 64 - b. What are the prime factors of f?
2, 5, 29
Let v(b) = -8*b + 3. Let s be v(-9). Let y = 52 - s. Let o = y + 35. What are the prime factors of o?
2, 3
Let u(p) = -8*p**2 + 4*p - 4. Let r be u(5). Let q be (-12)/(-78) + r/13. Let j = q + 17. List the prime factors of j.
3
Let t = -63 - -51. List the prime factors of (-18)/(-24) + (-99)/t.
3
Let b = -52 - -91. Suppose 2*d - b = -y, 5*d - 2*y - 74 = d. What are the prime factors of d?
19
Let o be 5 + -1 + -2 - -24. Suppose -o*s - 8 = -28*s. What are the prime factors of 70/s + (-6)/12?
17
Let r be (0 + -4)/(-2) - 0. Suppose 45 = r*s + 7. List the prime factors of s.
19
Suppose 6*a + 0 = -0. Suppose -n + 4*m + m = -24, 3*n - 2*m - 85 = a. What are the prime factors of n?
29
Suppose -5856 = -44*h + 32*h. List the prime factors of h.
2, 61
Let g(n) = 2*n**2 + 5*n + 5. Let w be g(-4). Suppose -w*i + 3440 = -i. List the prime factors of i.
5, 43
Suppose -106*y + 96*y + 220 = 0. Suppose 7*q - 150 = 4*q. Let l = q - y. List the prime factors of l.
2, 7
Suppose 5*r = -b - 124, -4*r = -2*b - 174 - 32. Let k = 326 + b. What are the prime factors of k?
7, 31
Let i(l) = 3*l**2 - l - 76. List the prime factors of i(11).
2, 3, 23
Let u = 3 - 0. Let p(f) = -4*f + 8*f**2 + 3*f**2 + 4 - 7*f**2. What are the prime factors of p(u)?
2, 7
Let b = 16 + -12. Suppose 1 = -b*m + 17. Suppose 5*h + 24 = m*l + 4*h, -3*l = 5*h + 5. What are the prime factors of l?
5
Let b be (-4)/28 - (-1024)/14. Suppose -b*u = -71*u - 34. List the prime factors of u.
17
Let t = -3265 - -6794. List the prime factors of t.
3529
Suppose a - 3*s = 38, 3*a - 66 = -4*s + s. Let n = -23 + a. Suppose -5*k = -3*y - 381 + 26, -n*k = y - 199. List the prime factors of k.
2, 17
Let p = 3282 + -2068. What are the prime factors of p?
2, 607
Suppose -1 = 2*f + 9, 0 = 4*a - 4*f - 1592. List the prime factors of a.
3, 131
Let k = -317 + 814. Let g = k - 352. Suppose -3*i + g = 2*i. List the prime factors of i.
29
Let w(n) = -2*n - 5. Let t be w(-6). Suppose t*k - 36 = 48. Suppose -k*j = -15*j + 117. What are the prime factors of j?
3, 13
Let y(v) = -10*v**3 - v**2 - v - 1. Let a be y(-1). Suppose -8*d = -0*d - 8. Let c = a - d. List the prime factors of c.
2
Let m(f) = -5*f**3 - f**2 - 21*f + 11. List the prime factors of m(-7).
2, 3, 19
Let f = 528 + -512. What are the prime factors of f?
2
Suppose 0 = -36*g + 26693 - 8765. What are the prime factors of g?
2, 3, 83
List the prime factors of (-752)/24*(-6)/4.
47
Let a(u) = 3*u - 5. Let h(f) = 1. Let t(d) = -a(d) - h(d). Let j = 4 + -8. List the prime factors of t(j).
2
Suppose 0 = 7*d - 5 + 12. What are the prime factors of 119 - d/(-3)*0?
7, 17
Let o(w) = -w - 11. Let y be o(-4). Let x = y - -13. List the prime factors of 40/x*(-54)/(-12).
2, 3, 5
Let x(n) = -n**3 - 9*n**2 + 11*n + 14. Let f be x(-10). Let t(w) = -w**3 + 4*w**2 + w. Let k be t(f). What are the prime factors of k*4/(-8) - -43?
41
Suppose 2*o = 5*i - 322, 4*o - 342 = -5*i + o. Let a = i + 13. List the prime factors of a.
79
Suppose -w = 4*z + w - 2, 0 = -5*w - 25. Suppose 0 = -p + 4, c = -c - z*p + 86. Suppose 0 = -r + c. What are the prime factors of r?
37
Suppose -23 = 2*u - 27. Let a be (-96)/(-20) - u/(-10). Suppose -z + 0*z = 2*c - 45, -a*c + z = -95. List the prime factors of c.
2, 5
Suppose 1 - 7 = -m. Suppose 3*l - 4*r + r = -135, -2*r - m = 0. Let u = 67 + l. What are the prime factors of u?
19
Let c(o) = o**2 + 4*o - 1. Let j be c(1). Suppose -6*h + 4*h + 4*s - 2 = 0, -5*h + j*s + 19 = 0. List the prime factors of h.
7
Let y(g) = -704*g - 39. What are the prime factors of y(-2)?
37
Let d(t) = 7*t**2 + 4*t. What are the prime factors of d(3)?
3, 5
Let x(i) = i**3 + 7*i**2 - 9*i + 3. Let a = 3 - 11. What are the prime factors of x(a)?
11
Suppose -5*l + 1984 = 4*j, j + 398 = l + 3*j. What are the prime factors of l?
2, 3, 11
Let a(x) = -x**3 + 8*x**2 + 10*x - 12. Let o be a(9). List the prime factors of 25 - (10 + o + -3).
3, 7
Let d be (-36)/(-198) + 40/22. Suppose -218 + 48 = d*y. List the prime factors o